{"id":7316,"date":"2025-02-24T20:02:27","date_gmt":"2025-02-25T02:02:27","guid":{"rendered":"https:\/\/fjm-sa.com\/?page_id=7316"},"modified":"2025-04-07T12:51:33","modified_gmt":"2025-04-07T18:51:33","slug":"blog","status":"publish","type":"page","link":"https:\/\/fjm-sa.com\/?page_id=7316","title":{"rendered":"Blog"},"content":{"rendered":"\t\t<div data-elementor-type=\"wp-page\" data-elementor-id=\"7316\" class=\"elementor elementor-7316\">\n\t\t\t\t<div class=\"elementor-element elementor-element-c76f242 e-flex e-con-boxed e-con e-parent\" data-id=\"c76f242\" data-element_type=\"container\">\n\t\t\t\t\t<div class=\"e-con-inner\">\n\t\t\t\t<div class=\"elementor-element elementor-element-805fa57 elementor-widget elementor-widget-html\" data-id=\"805fa57\" data-element_type=\"widget\" data-widget_type=\"html.default\">\n\t\t\t\t\t<div id=\"mysticky-wrap\"><div id=\"mysticky-nav\" style=\"top: 32px;\"><header id=\"site-header\" class=\"site-header dynamic-header menu-dropdown-tablet\">\r\n\t<div class=\"header-inner\">\r\n\t\t<div class=\"site-branding show-logo\">\r\n\t\t\t\t\t\t\t<div class=\"site-logo show\">\r\n\t\t\t\t\t<a href=\"https:\/\/fjm-sa.com\/\" class=\"custom-logo-link\" rel=\"home\" aria-current=\"page\"><img fetchpriority=\"high\" width=\"2811\" height=\"1875\" data-src=\"https:\/\/fjm-sa.com\/wp-content\/uploads\/2023\/05\/cropped-base_logo_transparent_background.png\" class=\"custom-logo lazyloaded smush-detected-img smush-image-1\" alt=\"FJM\" decoding=\"async\" data-srcset=\"https:\/\/fjm-sa.com\/wp-content\/uploads\/2023\/05\/cropped-base_logo_transparent_background.png 2811w, https:\/\/fjm-sa.com\/wp-content\/uploads\/2023\/05\/cropped-base_logo_transparent_background-300x200.png 300w, https:\/\/fjm-sa.com\/wp-content\/uploads\/2023\/05\/cropped-base_logo_transparent_background-1024x683.png 1024w, https:\/\/fjm-sa.com\/wp-content\/uploads\/2023\/05\/cropped-base_logo_transparent_background-768x512.png 768w, https:\/\/fjm-sa.com\/wp-content\/uploads\/2023\/05\/cropped-base_logo_transparent_background-1536x1025.png 1536w, https:\/\/fjm-sa.com\/wp-content\/uploads\/2023\/05\/cropped-base_logo_transparent_background-2048x1366.png 2048w, https:\/\/fjm-sa.com\/wp-content\/uploads\/2023\/05\/cropped-base_logo_transparent_background-360x240.png 360w\" data-sizes=\"(max-width: 2811px) 100vw, 2811px\" src=\"https:\/\/fjm-sa.com\/wp-content\/uploads\/2023\/05\/cropped-base_logo_transparent_background.png\" style=\"--smush-placeholder-width: 2811px; --smush-placeholder-aspect-ratio: 2811\/1875;\" sizes=\"(max-width: 2811px) 100vw, 2811px\" srcset=\"https:\/\/fjm-sa.com\/wp-content\/uploads\/2023\/05\/cropped-base_logo_transparent_background.png 2811w, https:\/\/fjm-sa.com\/wp-content\/uploads\/2023\/05\/cropped-base_logo_transparent_background-300x200.png 300w, https:\/\/fjm-sa.com\/wp-content\/uploads\/2023\/05\/cropped-base_logo_transparent_background-1024x683.png 1024w, https:\/\/fjm-sa.com\/wp-content\/uploads\/2023\/05\/cropped-base_logo_transparent_background-768x512.png 768w, https:\/\/fjm-sa.com\/wp-content\/uploads\/2023\/05\/cropped-base_logo_transparent_background-1536x1025.png 1536w, https:\/\/fjm-sa.com\/wp-content\/uploads\/2023\/05\/cropped-base_logo_transparent_background-2048x1366.png 2048w, https:\/\/fjm-sa.com\/wp-content\/uploads\/2023\/05\/cropped-base_logo_transparent_background-360x240.png 360w\"><\/a>\t\t\t\t<\/div>\r\n\t\t\t\t\t<\/div>\r\n\r\n\t\t\t\t\t<nav class=\"site-navigation show\" aria-label=\"Main menu\">\r\n\t\t\t\t<ul id=\"menu-fjm\" class=\"menu\"><li id=\"menu-item-5247\" class=\"menu-item menu-item-type-post_type menu-item-object-page menu-item-home current-menu-item page_item page-item-4722 current_page_item menu-item-5247\"><a href=\"https:\/\/fjm-sa.com\/\" aria-current=\"page\">Inicio<\/a><\/li>\r\n<li id=\"menu-item-5384\" class=\"menu-item menu-item-type-custom menu-item-object-custom menu-item-5384\"><a href=\"#Programas2\">Programas<\/a><\/li>\r\n<li id=\"menu-item-5393\" class=\"menu-item menu-item-type-custom menu-item-object-custom menu-item-5393\"><a href=\"#Soporte\">Soporte<\/a><\/li>\r\n<li id=\"menu-item-6746\" class=\"menu-item menu-item-type-custom menu-item-object-custom menu-item-6746\"><a href=\"#Computo\">Hardware<\/a><\/li>\r\n<li id=\"menu-item-7348\" class=\"menu-item menu-item-type-post_type menu-item-object-page menu-item-7348\"><a href=\"https:\/\/fjm-sa.com\/?page_id=7316\">Blog<\/a><\/li>\r\n<li id=\"menu-item-4701\" class=\"menu-item menu-item-type-post_type menu-item-object-page menu-item-4701\"><a href=\"https:\/\/fjm-sa.com\/?page_id=4700\">Contacto<\/a><\/li>\r\n<\/ul>\t\t\t<\/nav>\r\n\t\t\t\t\t\t\t<div class=\"site-navigation-toggle-holder show\">\r\n\t\t\t\t<button type=\"button\" class=\"site-navigation-toggle\" aria-label=\"Menu\">\r\n\t\t\t\t\t<span class=\"site-navigation-toggle-icon\" aria-hidden=\"true\"><\/span>\r\n\t\t\t\t<\/button>\r\n\t\t\t<\/div>\r\n\t\t\t<nav class=\"site-navigation-dropdown show\" aria-label=\"Mobile menu\" aria-hidden=\"true\" inert=\"\">\r\n\t\t\t\t<ul id=\"menu-fjm-1\" class=\"menu\"><li class=\"menu-item menu-item-type-post_type menu-item-object-page menu-item-home current-menu-item page_item page-item-4722 current_page_item menu-item-5247\"><a href=\"https:\/\/fjm-sa.com\/\" aria-current=\"page\">Inicio<\/a><\/li>\r\n<li class=\"menu-item menu-item-type-custom menu-item-object-custom menu-item-5384\"><a href=\"#Programas2\">Programas<\/a><\/li>\r\n<li class=\"menu-item menu-item-type-custom menu-item-object-custom menu-item-5393\"><a href=\"#Soporte\">Soporte<\/a><\/li>\r\n<li class=\"menu-item menu-item-type-custom menu-item-object-custom menu-item-6746\"><a href=\"#Computo\">Hardware<\/a><\/li>\r\n<li class=\"menu-item menu-item-type-post_type menu-item-object-page menu-item-7348\"><a href=\"https:\/\/fjm-sa.com\/?page_id=7316\">Blog<\/a><\/li>\r\n<li class=\"menu-item menu-item-type-post_type menu-item-object-page menu-item-4701\"><a href=\"https:\/\/fjm-sa.com\/?page_id=4700\">Contacto<\/a><\/li>\r\n<\/ul>\t\t\t<\/nav>\r\n\t\t\t<\/div>\r\n<\/header><\/div><\/div>\t\t\t\t<\/div>\n\t\t\t\t\t<\/div>\n\t\t\t\t<\/div>\n\t\t<div class=\"elementor-element elementor-element-21ff594 e-flex e-con-boxed e-con e-parent\" data-id=\"21ff594\" data-element_type=\"container\">\n\t\t\t\t\t<div class=\"e-con-inner\">\n\t\t\t\t<div class=\"elementor-element elementor-element-dd406e2 elementor-widget elementor-widget-obfx-posts-grid\" data-id=\"dd406e2\" data-element_type=\"widget\" data-widget_type=\"obfx-posts-grid.default\">\n\t\t\t\t<div class=\"elementor-widget-container\">\n\t\t\t\t\t<div class=\"obfx-grid\"><div class=\"obfx-grid-container obfx-grid-style-list obfx-grid-desktop-4\"><div class=\"obfx-grid-wrapper\"><article class=\"obfx-grid-col obfx-no-image\"><div class=\"obfx-grid-col-content\">\t\t\t<h5 class=\"entry-title obfx-grid-title\">\n\t\t\t\t\t\t\t<a href=\"https:\/\/fjm-sa.com\/?p=7520\" title=\"Cambios en la Ley del INFONAVIT 2025 y c\u00f3mo Aspel NOI puede ayudarte a cumplir con tus obligaciones\">\n\t\t\t\t\tCambios en la Ley del INFONAVIT 2025 y c\u00f3mo Aspel NOI puede ayudarte a cumplir con tus obligaciones\t\t\t\t<\/a>\n\t\t\t\t\t\t\t<\/h5>\n\t\t\t\t\t\t\t<div class=\"entry-meta obfx-grid-meta\">\n\n\t\t\t\t\t\t\t\t\t\t\t\t\t<span class=\"obfx-grid-date\">\n\t\t\t\t\t\t\t\t\t<i class=\"fas fa-calendar\"><\/i>7 abril, 2025\t\t\t\t\t\t\t\t<\/span>\n\t\t\t\t\t\t\t\t\t\t\t\t\t\t\t\t<span class=\"obfx-grid-comments\">\n\t\t\t\t\t\t\t\t\t<i class=\"fas fa-comment\"><\/i>No comments\t\t\t\t\t\t\t\t<\/span>\n\t\t\t\t\t\t\t\t\n\t\t\t\t<\/div>\n\t\t\t\t<div class=\"obfx-grid-footer\"><a href=\"https:\/\/fjm-sa.com\/?p=7520\" title=\"Leer m\u00e1s\">Leer m\u00e1s<\/a><\/div><\/div><\/article><\/div><div class=\"obfx-grid-wrapper\"><article class=\"obfx-grid-col obfx-no-image\"><div class=\"obfx-grid-col-content\">\t\t\t<h5 class=\"entry-title obfx-grid-title\">\n\t\t\t\t\t\t\t<a href=\"https:\/\/fjm-sa.com\/?p=7485\" title=\"Mejores pr\u00e1cticas para presentar tu declaraci\u00f3n anual de personas f\u00edsicas\">\n\t\t\t\t\tMejores pr\u00e1cticas para presentar tu declaraci\u00f3n anual de personas f\u00edsicas\t\t\t\t<\/a>\n\t\t\t\t\t\t\t<\/h5>\n\t\t\t\t\t\t\t<div class=\"entry-meta obfx-grid-meta\">\n\n\t\t\t\t\t\t\t\t\t\t\t\t\t<span class=\"obfx-grid-date\">\n\t\t\t\t\t\t\t\t\t<i class=\"fas fa-calendar\"><\/i>7 abril, 2025\t\t\t\t\t\t\t\t<\/span>\n\t\t\t\t\t\t\t\t\t\t\t\t\t\t\t\t<span class=\"obfx-grid-comments\">\n\t\t\t\t\t\t\t\t\t<i class=\"fas fa-comment\"><\/i>No comments\t\t\t\t\t\t\t\t<\/span>\n\t\t\t\t\t\t\t\t\n\t\t\t\t<\/div>\n\t\t\t\t<div class=\"obfx-grid-footer\"><a href=\"https:\/\/fjm-sa.com\/?p=7485\" title=\"Leer m\u00e1s\">Leer m\u00e1s<\/a><\/div><\/div><\/article><\/div><div class=\"obfx-grid-wrapper\"><article class=\"obfx-grid-col obfx-no-image\"><div class=\"obfx-grid-col-content\">\t\t\t<h5 class=\"entry-title obfx-grid-title\">\n\t\t\t\t\t\t\t<a href=\"https:\/\/fjm-sa.com\/?p=7422\" title=\"SAT Invita a las Empresas a Presentar a Tiempo su Declaraci\u00f3n Anual\">\n\t\t\t\t\tSAT Invita a las Empresas a Presentar a Tiempo su Declaraci\u00f3n Anual\t\t\t\t<\/a>\n\t\t\t\t\t\t\t<\/h5>\n\t\t\t\t\t\t\t<div class=\"entry-meta obfx-grid-meta\">\n\n\t\t\t\t\t\t\t\t\t\t\t\t\t<span class=\"obfx-grid-date\">\n\t\t\t\t\t\t\t\t\t<i class=\"fas fa-calendar\"><\/i>5 marzo, 2025\t\t\t\t\t\t\t\t<\/span>\n\t\t\t\t\t\t\t\t\t\t\t\t\t\t\t\t<span class=\"obfx-grid-comments\">\n\t\t\t\t\t\t\t\t\t<i class=\"fas fa-comment\"><\/i>No comments\t\t\t\t\t\t\t\t<\/span>\n\t\t\t\t\t\t\t\t\n\t\t\t\t<\/div>\n\t\t\t\t<div class=\"obfx-grid-footer\"><a href=\"https:\/\/fjm-sa.com\/?p=7422\" title=\"Leer m\u00e1s\">Leer m\u00e1s<\/a><\/div><\/div><\/article><\/div><div class=\"obfx-grid-wrapper\"><article class=\"obfx-grid-col obfx-no-image\"><div class=\"obfx-grid-col-content\">\t\t\t<h5 class=\"entry-title obfx-grid-title\">\n\t\t\t\t\t\t\t<a href=\"https:\/\/fjm-sa.com\/?p=7329\" title=\"Febrero: Mes de la Determinaci\u00f3n de la Prima en el Seguro de Riesgos de Trabajo\">\n\t\t\t\t\tFebrero: Mes de la Determinaci\u00f3n de la Prima en el Seguro de Riesgos de Trabajo\t\t\t\t<\/a>\n\t\t\t\t\t\t\t<\/h5>\n\t\t\t\t\t\t\t<div class=\"entry-meta obfx-grid-meta\">\n\n\t\t\t\t\t\t\t\t\t\t\t\t\t<span class=\"obfx-grid-date\">\n\t\t\t\t\t\t\t\t\t<i class=\"fas fa-calendar\"><\/i>24 febrero, 2025\t\t\t\t\t\t\t\t<\/span>\n\t\t\t\t\t\t\t\t\t\t\t\t\t\t\t\t<span class=\"obfx-grid-comments\">\n\t\t\t\t\t\t\t\t\t<i class=\"fas fa-comment\"><\/i>No comments\t\t\t\t\t\t\t\t<\/span>\n\t\t\t\t\t\t\t\t\n\t\t\t\t<\/div>\n\t\t\t\t<div class=\"obfx-grid-footer\"><a href=\"https:\/\/fjm-sa.com\/?p=7329\" title=\"Leer m\u00e1s\">Leer m\u00e1s<\/a><\/div><\/div><\/article><\/div>\t\t\t\t<div class=\"obfx-grid-pagination\">\n\t\t\t\t\t\t\t\t\t\t<nav class=\"pagination\">\n\t\t\t\t\t\t\t\t\t\t\t<\/nav>\n\t\t\t\t<\/div>\n\t\t\t\t<\/div><!-- .obfx-grid-container --><\/div><!-- .obfx-grid -->\t\t\t\t<\/div>\n\t\t\t\t<\/div>\n\t\t\t\t\t<\/div>\n\t\t\t\t<\/div>\n\t\t\t\t<\/div>\n\t\t","protected":false},"excerpt":{"rendered":"<p>Inicio Programas Soporte Hardware Blog Contacto Inicio Programas Soporte Hardware Blog Contacto Cambios en la Ley del INFONAVIT 2025 y c\u00f3mo Aspel NOI puede ayudarte a cumplir con tus obligaciones 7 abril, 2025 No comments Leer m\u00e1s Mejores pr\u00e1cticas para presentar tu declaraci\u00f3n anual de personas f\u00edsicas 7 abril, 2025 No comments Leer m\u00e1s SAT [&hellip;]<\/p>\n","protected":false},"author":1,"featured_media":0,"parent":0,"menu_order":0,"comment_status":"open","ping_status":"closed","template":"elementor_canvas","meta":{"footnotes":""},"class_list":["post-7316","page","type-page","status-publish","hentry"],"yoast_head":"<!-- This site is optimized with the Yoast SEO plugin v26.0 - https:\/\/yoast.com\/wordpress\/plugins\/seo\/ -->\n<title>Blog - FJM<\/title>\n<meta name=\"robots\" content=\"index, follow, max-snippet:-1, max-image-preview:large, max-video-preview:-1\" \/>\n<link rel=\"canonical\" href=\"https:\/\/fjm-sa.com\/?page_id=7316\" \/>\n<meta property=\"og:locale\" content=\"es_MX\" \/>\n<meta property=\"og:type\" content=\"article\" \/>\n<meta property=\"og:title\" content=\"Blog - FJM\" \/>\n<meta property=\"og:description\" content=\"Inicio Programas Soporte Hardware Blog Contacto Inicio Programas Soporte Hardware Blog Contacto Cambios en la Ley del INFONAVIT 2025 y c\u00f3mo Aspel NOI puede ayudarte a cumplir con tus obligaciones 7 abril, 2025 No comments Leer m\u00e1s Mejores pr\u00e1cticas para presentar tu declaraci\u00f3n anual de personas f\u00edsicas 7 abril, 2025 No comments Leer m\u00e1s SAT [&hellip;]\" \/>\n<meta property=\"og:url\" content=\"https:\/\/fjm-sa.com\/?page_id=7316\" \/>\n<meta property=\"og:site_name\" content=\"FJM\" \/>\n<meta property=\"article:modified_time\" content=\"2025-04-07T18:51:33+00:00\" \/>\n<meta property=\"og:image\" content=\"https:\/\/fjm-sa.com\/wp-content\/uploads\/2023\/05\/cropped-base_logo_transparent_background.png\" \/>\n<meta name=\"twitter:card\" content=\"summary_large_image\" \/>\n<meta name=\"twitter:label1\" content=\"Tiempo de lectura\" \/>\n\t<meta name=\"twitter:data1\" content=\"1 minuto\" \/>\n<script type=\"application\/ld+json\" class=\"yoast-schema-graph\">{\"@context\":\"https:\/\/schema.org\",\"@graph\":[{\"@type\":\"WebPage\",\"@id\":\"https:\/\/fjm-sa.com\/?page_id=7316\",\"url\":\"https:\/\/fjm-sa.com\/?page_id=7316\",\"name\":\"Blog - FJM\",\"isPartOf\":{\"@id\":\"https:\/\/fjm-sa.com\/#website\"},\"primaryImageOfPage\":{\"@id\":\"https:\/\/fjm-sa.com\/?page_id=7316#primaryimage\"},\"image\":{\"@id\":\"https:\/\/fjm-sa.com\/?page_id=7316#primaryimage\"},\"thumbnailUrl\":\"https:\/\/fjm-sa.com\/wp-content\/uploads\/2023\/05\/cropped-base_logo_transparent_background.png\",\"datePublished\":\"2025-02-25T02:02:27+00:00\",\"dateModified\":\"2025-04-07T18:51:33+00:00\",\"breadcrumb\":{\"@id\":\"https:\/\/fjm-sa.com\/?page_id=7316#breadcrumb\"},\"inLanguage\":\"es\",\"potentialAction\":[{\"@type\":\"ReadAction\",\"target\":[\"https:\/\/fjm-sa.com\/?page_id=7316\"]}]},{\"@type\":\"ImageObject\",\"inLanguage\":\"es\",\"@id\":\"https:\/\/fjm-sa.com\/?page_id=7316#primaryimage\",\"url\":\"https:\/\/fjm-sa.com\/wp-content\/uploads\/2023\/05\/cropped-base_logo_transparent_background.png\",\"contentUrl\":\"https:\/\/fjm-sa.com\/wp-content\/uploads\/2023\/05\/cropped-base_logo_transparent_background.png\",\"width\":2811,\"height\":1875},{\"@type\":\"BreadcrumbList\",\"@id\":\"https:\/\/fjm-sa.com\/?page_id=7316#breadcrumb\",\"itemListElement\":[{\"@type\":\"ListItem\",\"position\":1,\"name\":\"Inicio\",\"item\":\"https:\/\/fjm-sa.com\/\"},{\"@type\":\"ListItem\",\"position\":2,\"name\":\"Blog\"}]},{\"@type\":\"WebSite\",\"@id\":\"https:\/\/fjm-sa.com\/#website\",\"url\":\"https:\/\/fjm-sa.com\/\",\"name\":\"FJM\",\"description\":\"\",\"publisher\":{\"@id\":\"https:\/\/fjm-sa.com\/#organization\"},\"potentialAction\":[{\"@type\":\"SearchAction\",\"target\":{\"@type\":\"EntryPoint\",\"urlTemplate\":\"https:\/\/fjm-sa.com\/?s={search_term_string}\"},\"query-input\":{\"@type\":\"PropertyValueSpecification\",\"valueRequired\":true,\"valueName\":\"search_term_string\"}}],\"inLanguage\":\"es\"},{\"@type\":\"Organization\",\"@id\":\"https:\/\/fjm-sa.com\/#organization\",\"name\":\"FJM\",\"url\":\"https:\/\/fjm-sa.com\/\",\"logo\":{\"@type\":\"ImageObject\",\"inLanguage\":\"es\",\"@id\":\"https:\/\/fjm-sa.com\/#\/schema\/logo\/image\/\",\"url\":\"https:\/\/fjm-sa.com\/wp-content\/uploads\/2023\/05\/cropped-base_logo_transparent_background.png\",\"contentUrl\":\"https:\/\/fjm-sa.com\/wp-content\/uploads\/2023\/05\/cropped-base_logo_transparent_background.png\",\"width\":2811,\"height\":1875,\"caption\":\"FJM\"},\"image\":{\"@id\":\"https:\/\/fjm-sa.com\/#\/schema\/logo\/image\/\"}}]}<\/script>\n<!-- \/ Yoast SEO plugin. -->","yoast_head_json":{"title":"Blog - FJM","robots":{"index":"index","follow":"follow","max-snippet":"max-snippet:-1","max-image-preview":"max-image-preview:large","max-video-preview":"max-video-preview:-1"},"canonical":"https:\/\/fjm-sa.com\/?page_id=7316","og_locale":"es_MX","og_type":"article","og_title":"Blog - FJM","og_description":"Inicio Programas Soporte Hardware Blog Contacto Inicio Programas Soporte Hardware Blog Contacto Cambios en la Ley del INFONAVIT 2025 y c\u00f3mo Aspel NOI puede ayudarte a cumplir con tus obligaciones 7 abril, 2025 No comments Leer m\u00e1s Mejores pr\u00e1cticas para presentar tu declaraci\u00f3n anual de personas f\u00edsicas 7 abril, 2025 No comments Leer m\u00e1s SAT [&hellip;]","og_url":"https:\/\/fjm-sa.com\/?page_id=7316","og_site_name":"FJM","article_modified_time":"2025-04-07T18:51:33+00:00","og_image":[{"url":"https:\/\/fjm-sa.com\/wp-content\/uploads\/2023\/05\/cropped-base_logo_transparent_background.png","type":"","width":"","height":""}],"twitter_card":"summary_large_image","twitter_misc":{"Tiempo de lectura":"1 minuto"},"schema":{"@context":"https:\/\/schema.org","@graph":[{"@type":"WebPage","@id":"https:\/\/fjm-sa.com\/?page_id=7316","url":"https:\/\/fjm-sa.com\/?page_id=7316","name":"Blog - FJM","isPartOf":{"@id":"https:\/\/fjm-sa.com\/#website"},"primaryImageOfPage":{"@id":"https:\/\/fjm-sa.com\/?page_id=7316#primaryimage"},"image":{"@id":"https:\/\/fjm-sa.com\/?page_id=7316#primaryimage"},"thumbnailUrl":"https:\/\/fjm-sa.com\/wp-content\/uploads\/2023\/05\/cropped-base_logo_transparent_background.png","datePublished":"2025-02-25T02:02:27+00:00","dateModified":"2025-04-07T18:51:33+00:00","breadcrumb":{"@id":"https:\/\/fjm-sa.com\/?page_id=7316#breadcrumb"},"inLanguage":"es","potentialAction":[{"@type":"ReadAction","target":["https:\/\/fjm-sa.com\/?page_id=7316"]}]},{"@type":"ImageObject","inLanguage":"es","@id":"https:\/\/fjm-sa.com\/?page_id=7316#primaryimage","url":"https:\/\/fjm-sa.com\/wp-content\/uploads\/2023\/05\/cropped-base_logo_transparent_background.png","contentUrl":"https:\/\/fjm-sa.com\/wp-content\/uploads\/2023\/05\/cropped-base_logo_transparent_background.png","width":2811,"height":1875},{"@type":"BreadcrumbList","@id":"https:\/\/fjm-sa.com\/?page_id=7316#breadcrumb","itemListElement":[{"@type":"ListItem","position":1,"name":"Inicio","item":"https:\/\/fjm-sa.com\/"},{"@type":"ListItem","position":2,"name":"Blog"}]},{"@type":"WebSite","@id":"https:\/\/fjm-sa.com\/#website","url":"https:\/\/fjm-sa.com\/","name":"FJM","description":"","publisher":{"@id":"https:\/\/fjm-sa.com\/#organization"},"potentialAction":[{"@type":"SearchAction","target":{"@type":"EntryPoint","urlTemplate":"https:\/\/fjm-sa.com\/?s={search_term_string}"},"query-input":{"@type":"PropertyValueSpecification","valueRequired":true,"valueName":"search_term_string"}}],"inLanguage":"es"},{"@type":"Organization","@id":"https:\/\/fjm-sa.com\/#organization","name":"FJM","url":"https:\/\/fjm-sa.com\/","logo":{"@type":"ImageObject","inLanguage":"es","@id":"https:\/\/fjm-sa.com\/#\/schema\/logo\/image\/","url":"https:\/\/fjm-sa.com\/wp-content\/uploads\/2023\/05\/cropped-base_logo_transparent_background.png","contentUrl":"https:\/\/fjm-sa.com\/wp-content\/uploads\/2023\/05\/cropped-base_logo_transparent_background.png","width":2811,"height":1875,"caption":"FJM"},"image":{"@id":"https:\/\/fjm-sa.com\/#\/schema\/logo\/image\/"}}]}},"_links":{"self":[{"href":"https:\/\/fjm-sa.com\/index.php?rest_route=\/wp\/v2\/pages\/7316","targetHints":{"allow":["GET"]}}],"collection":[{"href":"https:\/\/fjm-sa.com\/index.php?rest_route=\/wp\/v2\/pages"}],"about":[{"href":"https:\/\/fjm-sa.com\/index.php?rest_route=\/wp\/v2\/types\/page"}],"author":[{"embeddable":true,"href":"https:\/\/fjm-sa.com\/index.php?rest_route=\/wp\/v2\/users\/1"}],"replies":[{"embeddable":true,"href":"https:\/\/fjm-sa.com\/index.php?rest_route=%2Fwp%2Fv2%2Fcomments&post=7316"}],"version-history":[{"count":0,"href":"https:\/\/fjm-sa.com\/index.php?rest_route=\/wp\/v2\/pages\/7316\/revisions"}],"wp:attachment":[{"href":"https:\/\/fjm-sa.com\/index.php?rest_route=%2Fwp%2Fv2%2Fmedia&parent=7316"}],"curies":[{"name":"wp","href":"https:\/\/api.w.org\/{rel}","templated":true}]}}